{"id":116,"date":"2016-05-24T21:13:44","date_gmt":"2016-05-24T21:13:44","guid":{"rendered":"http:\/\/cursovozpamplona.com\/?page_id=116"},"modified":"2022-06-15T22:29:12","modified_gmt":"2022-06-15T22:29:12","slug":"sede-curso","status":"publish","type":"page","link":"https:\/\/cursovozpamplona.com\/?page_id=116","title":{"rendered":"Sede Curso"},"content":{"rendered":"<table style=\"width: 830px;\">\n<tbody>\n<tr>\n<td style=\"text-align: right; vertical-align: top; width: 359.75px;\">\n<p style=\"text-align: left;\"><em><strong><span style=\"font-size: 14pt;\">Sal\u00f3n de Actos<br \/>\n<\/span><\/strong><\/em><\/p>\n<p style=\"text-align: left;\"><span style=\"font-size: 14pt;\">Hospital Universitario <\/span><span style=\"font-size: 14pt;\">de Navarra B<br \/>\n<\/span><\/p>\n<p style=\"text-align: left;\"><span style=\"color: #808080;\">C\/ Irunlarrea 3<\/span><br \/>\n<span style=\"color: #808080;\"> 31008 Pamplona (Navarra)<\/span><\/p>\n<\/td>\n<td style=\"width: 455.25px;\">&lt;&lt;<iframe loading=\"lazy\" style=\"border: 0;\" src=\"https:\/\/www.google.com\/maps\/embed?pb=!1m18!1m12!1m3!1d3679.070403227577!2d-1.6700874772528873!3d42.80520640984318!2m3!1f0!2f0!3f0!3m2!1i1024!2i768!4f13.1!3m3!1m2!1s0xd50927b110c95c9%3A0x58c1043d26713dd5!2sComplejo+Hospitalario+de+Navarra!5e0!3m2!1ses!2ses!4v1505082382807\" width=\"400\" height=\"300\" frameborder=\"0\" allowfullscreen=\"allowfullscreen\"><\/iframe><\/td>\n<\/tr>\n<tr>\n<td style=\"vertical-align: top; width: 815px;\" colspan=\"2\"><span style=\"color: #808080;\"><strong>C\u00f3mo llegar<\/strong><\/span><\/p>\n<ul style=\"list-style-type: circle;\">\n<li><span style=\"color: #808080;\"><strong>Servicio de Taxi en Pamplona:<\/strong> Teletaxi San Ferm\u00edn (948 35 13 35)\/ AITAN ( 948 35 13 02)<br \/>\n<\/span><\/li>\n<li><span style=\"color: #808080;\"><strong>Estaci\u00f3n de Autobuses:<\/strong> 948 223 854<\/span><\/li>\n<li><span style=\"color: #808080;\"><strong>Autobuses Urbanos: <\/strong><\/span><\/li>\n<\/ul>\n<p style=\"padding-left: 60px;\"><em><span style=\"color: #808080;\">Parada en Calle Irunlarrea<\/span><\/em><br \/>\n<span style=\"color: #808080;\">\u00a0\u00a0\u00a0 L\u00ednea 4<\/span><br \/>\n<em> <span style=\"color: #808080;\"> Parada en la Calle P\u00edo XII (pr\u00f3ximo al cruce con la calle Irunlarrea)<\/span><\/em><br \/>\n<span style=\"color: #808080;\">\u00a0\u00a0\u00a0 L\u00ednea 15 y 18<\/span><br \/>\n<em> <span style=\"color: #808080;\"> Parada en la Avenida de Bara\u00f1ain<\/span><\/em><br \/>\n<span style=\"color: #808080;\">\u00a0\u00a0\u00a0 L\u00ednea 2, 7 y 19<\/span><\/p>\n<p style=\"padding-left: 60px;\"><span style=\"color: #808080;\">M\u00e1s informaci\u00f3n en:<\/span> <a href=\"http:\/\/www.infotuc.es\" target=\"_blank\" rel=\"noopener\">www.infotuc.es<\/a><\/p>\n<\/td>\n<\/tr>\n<tr>\n<td style=\"vertical-align: top; width: 815px;\" colspan=\"2\"><span style=\"color: #808080;\"><strong>\u00bfD\u00f3nde aparcar?<\/strong><\/span><\/p>\n<p><span style=\"color: #808080;\">El Hospital Universitario de Navarra cuenta con un parking subterr\u00e1neo de gran capacidad.<\/span><\/td>\n<\/tr>\n<\/tbody>\n<\/table>\n","protected":false},"excerpt":{"rendered":"<p>Sal\u00f3n de Actos Hospital Universitario de Navarra B C\/ Irunlarrea 3 31008 Pamplona (Navarra) &lt;&lt; C\u00f3mo llegar Servicio de Taxi en Pamplona: Teletaxi San Ferm\u00edn (948 35 13 35)\/ AITAN ( 948 35 13 02) Estaci\u00f3n de Autobuses: 948 223 854 Autobuses Urbanos: Parada en Calle Irunlarrea \u00a0\u00a0\u00a0 L\u00ednea 4 Parada en la Calle P\u00edo XII (pr\u00f3ximo al cruce con la calle Irunlarrea) \u00a0\u00a0\u00a0 L\u00ednea 15 y 18 Parada en la Avenida de Bara\u00f1ain \u00a0\u00a0\u00a0 L\u00ednea 2, 7 y 19 M\u00e1s informaci\u00f3n en: www.infotuc.es \u00bfD\u00f3nde aparcar? El Hospital Universitario de Navarra cuenta con un parking subterr\u00e1neo de gran capacidad.<\/p>\n","protected":false},"author":2,"featured_media":0,"parent":0,"menu_order":0,"comment_status":"closed","ping_status":"open","template":"","meta":{"footnotes":""},"class_list":["post-116","page","type-page","status-publish","hentry"],"aioseo_notices":[],"_links":{"self":[{"href":"https:\/\/cursovozpamplona.com\/index.php?rest_route=\/wp\/v2\/pages\/116","targetHints":{"allow":["GET"]}}],"collection":[{"href":"https:\/\/cursovozpamplona.com\/index.php?rest_route=\/wp\/v2\/pages"}],"about":[{"href":"https:\/\/cursovozpamplona.com\/index.php?rest_route=\/wp\/v2\/types\/page"}],"author":[{"embeddable":true,"href":"https:\/\/cursovozpamplona.com\/index.php?rest_route=\/wp\/v2\/users\/2"}],"replies":[{"embeddable":true,"href":"https:\/\/cursovozpamplona.com\/index.php?rest_route=%2Fwp%2Fv2%2Fcomments&post=116"}],"version-history":[{"count":33,"href":"https:\/\/cursovozpamplona.com\/index.php?rest_route=\/wp\/v2\/pages\/116\/revisions"}],"predecessor-version":[{"id":843,"href":"https:\/\/cursovozpamplona.com\/index.php?rest_route=\/wp\/v2\/pages\/116\/revisions\/843"}],"wp:attachment":[{"href":"https:\/\/cursovozpamplona.com\/index.php?rest_route=%2Fwp%2Fv2%2Fmedia&parent=116"}],"curies":[{"name":"wp","href":"https:\/\/api.w.org\/{rel}","templated":true}]}}